ate the remainder when 255 is divided by 9.
3
Calculate the remainder when 718 is divided by 7.
4
What is the remainder when 3310 is divided by 144?
142
Calculate the remainder when 292 is divided by 102.
88
Calculate the remainder when 90 is divided by 24.
18
What is the remainder when 44 is divided by 7?
2
What is the remainder when 126 is divided by 22?
16
What is the remainder when 2817 is divided by 918?
63
What is the remainder when 2810 is divided by 1403?
4
What is the remainder when 679 is divided by 31?
28
What is the remainder when 276 is divided by 72?
60
Calculate the remainder when 476 is divided by 99.
80
Calculate the remainder when 708 is divided by 57.
24
Calculate the remainder when 1152 is divided by 34.
30
What is the remainder when 287 is divided by 18?
17
Calculate the remainder when 21718 is divided by 6.
4
Calculate the remainder when 347 is divided by 70.
67
Calculate the remainder when 141 is divided by 24.
21
Calculate the remainder when 281 is divided by 6.
5
What is the remainder when 180 is divided by 25?
5
Calculate the remainder when 703 is divided by 59.
54
Calculate the remainder when 402 is divided by 69.
57
What is the remainder when 46 is divided by 6?
4
What is the remainder when 87 is divided by 36?
15
What is the remainder when 528 is divided by 88?
0
What is the remainder when 327 is divided by 268?
59
Calculate the remainder when 421 is divided by 69.
7
Calculate the remainder when 852 is divided by 98.
68
Calculate the remainder when 4431 is divided by 11.
9
Calculate the remainder when 411 is divided by 21.
12
What is the remainder when 459 is divided by 53?
35
What is the remainder when 253 is divided by 59?
17
What is the remainder when 452 is divided by 452?
0
What is the remainder when 92 is divided by 36?
20
Calculate the remainder when 213 is divided by 40.
13
What is the remainder when 1832 is divided by 132?
116
Calculate the remainder when 307 is divided by 35.
27
What is the remainder when 401 is divided by 144?
113
Calculate the remainder when 359 is divided by 19.
17
What is the remainder when 350 is divided by 7?
0
Calculate the remainder when 1064 is divided by 472.
120
What is the remainder when 7955 is divided by 221?
220
What is the remainder when 62 is divided by 35?
27
What is the remainder when 1505 is divided by 249?
11
Calculate the remainder when 123 is divided by 72.
51
What is the remainder when 1430 is divided by 24?
14
Calculate the remainder when 1323 is divided by 53.
51
What is the remainder when 10127 is divided by 307?
303
Calculate the remainder when 222 is divided by 28.
26
Calculate the remainder when 540 is divided by 44.
12
What is the remainder when 27 is divided by 12?
3
What is the remainder when 125 is divided by 37?
14
Calculate the remainder when 444 is divided by 87.
9
What is the remainder when 407 is divided by 32?
23
Calculate the remainder when 85 is divided by 22.
19
Calculate the remainder when 3159 is divided by 264.
255
What is the remainder when 1859 is divided by 60?
59
Calculate the remainder when 241 is divided by 22.
21
Calculate the remainder when 1738 is divided by 58.
56
What is the remainder when 142 is divided by 48?
46
Calculate the remainder when 40 is divided by 9.
4
What is the remainder when 90 is divided by 27?
9
What is the remainder when 906 is divided by 70?
66
Calculate the remainder when 106 is divided by 27.
25
What is the remainder when 428 is divided by 89?
72
Calculate the remainder when 242 is divided by 10.
2
Calculate the remainder when 1171 is divided by 1131.
40
Calculate the remainder when 2608 is divided by 6.
4
What is the remainder when 85 is divided by 43?
42
What is the remainder when 389 is divided by 110?
59
Calculate the remainder when 551 is divided by 13.
5
Calculate the remainder when 795 is divided by 259.
18
Calculate the remainder when 94 is divided by 28.
10
Calculate the remainder when 63 is divided by 57.
6
What is the remainder when 359 is divided by 147?
65
Calculate the remainder when 146 is divided by 57.
32
What is the remainder when 229 is divided by 130?
99
Calculate the remainder when 335 is divided by 93.
56
Calculate the remainder when 63 is divided by 40.
23
Calculate the remainder when 17 is divided by 7.
3
What is the remainder when 1366 is divided by 19?
17
Calculate the remainder when 2293 is divided by 62.
61
Calculate the remainder when 100 is divided by 41.
18
What is the remainder when 11073 is divided by 7?
6
Calculate the remainder when 91 is divided by 5.
1
What is the remainder when 10829 is divided by 19?
18
Calculate the remainder when 385 is divided by 132.
121
Calculate the remainder when 753 is divided by 21.
18
What is the remainder when 554 is divided by 43?
38
Calculate the remainder when 307 is divided by 62.
59
Calculate the remainder when 877 is divided by 80.
77
Calculate the remainder when 7895 is divided by 329.
328
Calculate the remainder when 1920 is divided by 69.
57
What is the remainder when 254 is divided by 85?
84
Calculate the remainder when 1372 is divided by 173.
161
Calculate the remainder when 14165 is divided by 88.
85
Calculate the remainder when 7309 is divided by 24.
13
What is the remainder when 135 is divided by 8?
7
What is the remainder when 205 is divided by 201?
4
Calculate the remainder when 94 is divided by 7.
3
Calculate the remainder when 165 is divided by 54.
3
Calculate the remainder when 578 is divided by 83.
80
What is the remainder when 50 is divided by 38?
12
What is the remainder when 9449 is divided by 105?
104
Calculate the remainder when 505 is divided by 242.
21
Calculate the remainder when 1977 is divided by 167.
140
Calculate the remainder when 1017 is divided by 336.
9
Calculate the remainder when 6849 is divided by 3419.
11
Calculate the remainder when 15987 is divided by 26.
23
What is the remainder when 413 is divided by 50?
13
Calculate the remainder when 267 is divided by 67.
66
Calculate the remainder when 7278 is divided by 128.
110
Calculate the remainder when 98 is divided by 14.
0
Calculate the remainder when 150 is divided by 4.
2
What is the remainder when 24 is divided by 21?
3
Calculate the remainder when 2174 is divided by 16.
14
Calculate the remainder when 21 is divided by 8.
5
Calculate the remainder when 17997 is divided by 50.
47
What is the remainder when 3872 is divided by 34?
30
Calculate the remainder when 106 is divided by 22.
18
What is the remainder when 1019 is divided by 60?
59
Calculate the remainder when 3662 is divided by 47.
43
What is the remainder when 166 is divided by 35?
26
What is the remainder when 242 is divided by 114?
14
Calculate the remainder when 826 is divided by 46.
44
What is the remainder when 514 is divided by 27?
1
What is the remainder when 627 is divided by 61?
17
What is the remainder when 440 is divided by 101?
36
Calculate the remainder when 167 is divided by 62.
43
Calculate the remainder when 1023 is divided by 57.
54
What is the remainder when 1767 is divided by 161?
157
What is the remainder when 733 is divided by 145?
8
Calculate the remainder when 236 is divided by 17.
15
Calculate the remainder when 261 is divided by 38.
33
What is the remainder when 56 is divided by 18?
2
Calculate the remainder when 1206 is divided by 201.
0
Calculate the remainder when 65 is divided by 33.
32
Calculate the remainder when 1026 is divided by 419.
188
What is the remainder when 1686 is divided by 546?
48
Calculate the remainder when 78 is divided by 16.
14
What is the remainder when 75 is divided by 11?
9
What is the remainder when 540 is divided by 5?
0
What is the remainder when 136 is divided by 17?
0
What is the remainder when 107 is divided by 32?
11
What is the remainder when 93 is divided by 41?
11
What is the remainder when 11 is divided by 6?
5
Calculate the remainder when 2326 is divided by 773.
7
Calculate the remainder when 2125 is divided by 19.
16
Calculate the remainder when 166 is divided by 17.
13
Calculate the remainder when 439 is divided by 22.
21
What is the remainder when 590 is divided by 11?
7
What is the remainder when 747 is divided by 18?
9
What is the remainder when 308 is divided by 15?
8
What is the remainder when 651 is divided by 94?
87
Calcul